g + 4*p = -0*p + 666, 0 = -4*g + 2*p + 1342. Is g a prime number?
False
Let b be 3*28*(-52)/(-12). Let t = b + -153. Is t a composite number?
False
Suppose -2*b + 524 = -2*u, b - 5*u = -2*u + 256. Is b a prime number?
False
Let b(i) = 112*i**2 - 14*i - 7. Is b(-3) composite?
True
Suppose -3*i = 3*t + 138, -t + 7*i - 46 = 2*i. Is (1 + -6 + 4)*t composite?
True
Suppose 3*z - 4*q - 834 = 0, 2*z = 3*z + 2*q - 268. Is z a composite number?
True
Let d = 120 - 20. Let m = 235 - d. Suppose -3*t - 37 = -o, 5*o + 2*t - 7*t = m. Is o a composite number?
True
Let y = -153 - -266. Suppose y = 5*b - 0*d + d, -4*b + d + 94 = 0. Is b prime?
True
Let g = 14 - 20. Let t(y) = -39*y + 1. Is t(g) prime?
False
Suppose 6*q - q - 740 = 0. Suppose 0 = -2*l - 5*z + 161, -z = -l + 4*z + 88. Let u = q - l. Is u a prime number?
False
Is (6 - -2668)*4/8 prime?
False
Suppose u = -5*q - 2, -3*u = 5*q + 2*u + 10. Let f(z) = z**3 - 3*z**2 + 2*z - 3. Let h be f(4). Suppose q = n - g + h - 58, 5*g = -4*n + 130. Is n prime?
False
Suppose 5*j + 2*v = -2*v + 8305, -3*j - 3*v + 4986 = 0. Is j a prime number?
True
Let f = 963 - 432. Is (3 + -1)/(9/f) a composite number?
True
Let j(a) = -a**2 + 357. Let b be j(0). Suppose -3*z + 503 = n - 3*n, -3*n = 2*z - b. Suppose 0 = -5*y + 14 + z. Is y prime?
True
Let z(f) = 4*f**2 + 14*f + 22. Is z(-8) composite?
True
Let l be 1 - -681 - (1 - 0). Let a be (6/(-9))/(-2)*l. Suppose 3*s - a = -3*i + i, 0 = s + 2*i - 69. Is s prime?
True
Suppose -4*w + 1429 = -2919. Is w prime?
True
Suppose -5*n + 22 = -0*n - 2*k, -3 = 3*k. Let r be (-2)/n + 15/6. Is (-40 + 1 + r)*-1 prime?
True
Suppose -6 = -x - 3, -5*f - 6 = 3*x. Let w(s) = -s**3 + 5*s + 2. Is w(f) composite?
True
Let h = -1784 - -3957. Is h a composite number?
True
Is (133/(-4))/(4/(-16)) prime?
False
Suppose 2*b - 77 = 149. Is b a composite number?
False
Let n = -13 - -7. Is 76 - (n/(-3) + -3) a prime number?
False
Let s(q) = q**3 - 21*q**2 + 23*q - 28. Is s(23) a composite number?
False
Suppose 0 = -2*j - 4*n + 6, -4*j - n = -4*n - 12. Suppose -2*q + 367 = -v, j*q + 2*v = v + 548. Suppose -5*s = 2*i - q, 0*s + 4 = 4*s. Is i a prime number?
True
Suppose 2*z + 1 - 9 = 0. Suppose -z*c = 16, 4*c - 863 = -3*h - 0*c. Is h a composite number?
False
Let m = -6 + 2. Let p be m/(-14) + 29474/(-14). Is (-4)/(-18) + p/(-45) composite?
False
Let q be (-362 + 0)/(1*-2). Suppose 2*k - q = -3*j, -125 = -3*k + 2*j + 153. Suppose k = 2*h - 0. Is h prime?
False
Let s be 2/(-4) + 10/4. Suppose 4*v - s - 74 = 0. Is v prime?
True
Suppose -8 = -2*c - 2*p, 4*c + p = 3 + 1. Let j(n) = n**2 + 2*n + 34. Is j(c) a prime number?
False
Let s(a) = 5*a**2 - 30*a + 48. Is s(19) composite?
False
Let p = 2934 + -1463. Is p composite?
False
Suppose 3*y = y + 480. Suppose 3*v + s - 70 = 277, -2*v - 5*s = -y. Is v a composite number?
True
Let u = 1 - -1. Is (-59)/(-1 + 0/u) prime?
True
Suppose -9*a + 5468 = -1381. Is a composite?
False
Suppose 5*z - 2369 + 8429 = 5*t, z + 4851 = 4*t. Is t a composite number?
False
Let o(q) = 38*q**3 + q**2 - 62*q**3 + q - 137*q**3. Is o(-1) prime?
False
Let d(i) = -8*i - 3*i**2 - i**3 - i - 3 - 6*i**2 - 3. Let u be d(-8). Suppose -u*o - 19 = -v, -v + 5*o - 1 = -17. Is v composite?
True
Suppose -18 = -5*x + 2, 5*d + 4*x - 14246 = 0. Is d composite?
True
Let d = 369 + -197. Suppose 2*h = 6*h - d. Is h prime?
True
Let u(w) be the first derivative of 146*w**2 + w - 5. Is u(1) a prime number?
True
Is 27/(-18)*164/(-3) prime?
False
Suppose 75 = 6*p - 3*p. Suppose -2*l + p = 3*l, -4*x + 338 = -2*l. Is x prime?
False
Let z(b) = -b**3 + b**2 + 4*b - 1. Is z(2) a composite number?
False
Is (1 + 3 - -3504)*1/4 composite?
False
Suppose -w + 5*t - 1751 = -3*w, -4367 = -5*w - 2*t. Suppose w - 300 = 3*p. Is p a prime number?
True
Suppose -2*c = 2*i - 2966, -2*c + 5*c = -i + 1487. Is i prime?
True
Suppose 4*l - a - 1912 = 0, 2*l - 3*a + 491 = 3*l. Is l composite?
False
Is (3 - 10/4)/(2/5444) prime?
True
Is (6/(-5))/(10/(-4525)) prime?
False
Suppose g - 1731 = -p - 0*p, 4*p - g - 6904 = 0. Is p a prime number?
False
Let h = -66 + 769. Suppose -l - 3*l - 929 = -5*q, -3*l + 5*q - h = 0. Is (-4)/6 + l/(-6) composite?
False
Suppose -2*b = -t - 9, 0 = -2*b - 3*b - 10. Let i = t + 64. Is i a prime number?
False
Is (3 - 35733/(-9)) + (-2)/6 composite?
True
Let o = 2 - -1. Suppose 0*x + o*x - 141 = 0. Is x a prime number?
True
Suppose 0*v - 12 = 2*v. Is (-2)/v - 664/(-6) a composite number?
True
Let u be (-5 - (-6 - -4)) + -527. Is (u/(-15))/(4/6) a composite number?
False
Let s be 3/(-18)*-2*0. Suppose 3*j + 2*i = -s*j + 38, 0 = 4*i - 16. Let v = j - -1. Is v composite?
False
Let h be 103 - (2/(-2) - -4). Suppose -3*n = -h - 65. Is n a composite number?
True
Suppose 2*k - 2 = 6. Suppose -974 - 358 = 6*j. Is (2/(-3))/(k/j) composite?
False
Let s(f) = 3*f**2 - 3*f + 1. Let o be s(7). Suppose o = 5*m - 568. Is m a composite number?
False
Let j(o) be the second derivative of 7*o**3/3 + 3*o**2 - 3*o. Let x be j(-6). Let l = x + 133. Is l prime?
False
Suppose -2*l = -5*j + 809 + 410, l - 2*j = -609. Is l/(-7) + 16/56 a prime number?
False
Let r be 2/(-2) + -230 + -1. Let h = -136 - r. Let y = h - 45. Is y a prime number?
False
Let s = 1174 + -561. Is s prime?
True
Suppose u + 131 = -4*d + 5*d, 2*d - 5*u = 274. Is d a composite number?
False
Let r = 67 + -39. Suppose 4*l - 124 = r. Is l a composite number?
True
Suppose -4*x + 113 = -55. Let u = -6 - -10. Suppose -u*v + 190 - x = 0. Is v composite?
False
Let h = 7 + -5. Suppose -h - 10 = -2*y. Let z(j) = j**3 - 3*j**2 - 2*j - 5. Is z(y) a prime number?
False
Let y(w) = -4*w**2 - 2*w + 7. Let b(q) = -q**2 - q - 1. Let j(f) = -4*b(f) - y(f). Is j(4) a prime number?
True
Let r = 8 - 8. Is (1 - r)/(1/55) a composite number?
True
Let n = -67 + -181. Suppose -i = 4*p - 21, 4*i - 3*p = 2*i + 53. Is n/(-10) + 5/i composite?
True
Suppose -4*t - 44 = -2*o, -5*o - 5*t = -10*t - 125. Let h = o - 15. Is h a composite number?
False
Let d(l) = -l**3 + 4*l**2 - l - 5. Is d(-4) a composite number?
False
Let b(m) = 7*m + 4. Is b(9) a prime number?
True
Let l be (-10)/(-45) - (-2030)/18. Let k = l + -70. Is k a prime number?
True
Let r be (-2678)/(-10) - (-7)/35. Is 9/(-15) + r/5 composite?
False
Is (1 - 935)*2/(-4) a composite number?
False
Suppose -12258 - 3158 = -8*d. Is d a prime number?
False
Suppose 3*a + 7600 - 3145 = 0. Is 2/(-5) - a/25 a prime number?
True
Let z(o) = 2*o**2 + o + 1. Let s be z(2). Let n = s + -4. Is n composite?
False
Suppose -4 = -2*t + 2. Suppose -j - l + 31 = 0, t*j - 66 = j - l. Is j composite?
True
Let x(y) = -2*y**2 - 2*y**3 + 2*y**2 + y**2. Let g be x(-1). Suppose -g*k = -83 - 10. Is k composite?
False
Let m be (-9910)/(-8) - 2/(-8). Is (-12)/(-30) + m/15 a prime number?
True
Let o(d) be the first derivative of -2 + 3/2*d**2 + 1/3*d**3 - 6*d. Is o(-7) composite?
True
Let k(w) = -w + 121. Let b(y) = -2*y + 243. Let o(j) = -6*b(j) + 13*k(j). Is o(0) a prime number?
False
Let s be 2 + (-1 - (-642 + -1)). Let j = s + -247. Is j composite?
False
Let a = 2 - 2. Is 21/(-14)*(-2 - a) prime?
True
Let d be 2/7 - (-19435)/(-35). Let l = 814 + d. Is l a composite number?
True
Let q(l) = l**2 + 2*l + 2. Suppose -3*y + 2*m + 193 = 3*m, -4*m + 57 = y. Suppose 0 = -4*s - 5*b + b - 56, -4*b - y = 5*s. Is q(s) composite?
True
Suppose -3*m = 5*l + 145, -5*m - 3*l - 285 = -38. Suppose -5*a = -4*s - 91, -2*s - 4*a - 28 = -s. Let n = s - m. Is n a prime number?
False
Let z be 2*1*(-4 + 5). Suppose 4*t + z*u - 611 = -15, -442 = -3*t + u. Is t/8*(-1 - -3) prime?
True
Let j = 2635 - 1389. Suppose 0 = 2*q - 2*c - 508, 2*q + 3*c - j = -3*q. Is q a prime number?
True
Suppose 7 - 74 = -2*m + 5*t, 2*m = -3*t + 27. Suppose -g = w - 2*g - 1, -g = -5*w + m. Suppose r = w*r - 104. Is r composite?
True
Let g(x) = x + 12. Let p be g(-9). Suppose -o + p*o = 14. Is o prime?
True
Let j = -544 + 947. Is j composite?
True
Let q = 3484 + -1610. Is q/10 + (-2)/5 prime?
False
Is -5*(-3 - (-4068)/(-5)) composite?
True
Suppose a + 2*a - 27 = 0. Suppose 2*g - 5*u + 9 = -2*u, 4*g - 3*u + a = 0. Suppose g*d = 5*i - 4*d - 943, -4*i + 3*d + 755 = 0. Is i a composite number?
False
Suppose 0 = 25*h - 37609 + 10584. Is h a prime number?
False
Let b = 12 + 253. Is b a composite number?
True
Suppose 672 - 3196 = -4*